nd l?
51
Let p = 1525 - 1496. What is the highest common divisor of 493 and p?
29
Suppose 2690 - 2920 = -23*d. Suppose q = 4*q - 1350. Suppose 0*v + v = 5*k - q, 270 = 3*k - 3*v. What is the greatest common factor of d and k?
10
Let h be (-2)/12 + 5193/54. Let z = -24 + h. Suppose -z = c - 4*c. What is the greatest common factor of c and 36?
12
Let o(w) = -w**3 - 23*w**2 + 26*w + 74. Let y be o(-24). Calculate the highest common divisor of 221 and y.
13
Suppose 165 = d + 5*r - 10, 5*r + 565 = 3*d. Suppose d + 55 = 3*k. What is the highest common divisor of k and 60?
20
Let s(c) = c**2 + 122*c - 1308. Let l be s(10). Calculate the greatest common factor of l and 124.
4
Let q be 131/2 + (-2)/4. Let t = 1711 - 1702. Suppose 5*y - t*y + q = -m, -3*m - 15 = 0. What is the highest common factor of y and 15?
15
Let b(t) = -147*t - 6248. Let h be b(-43). What is the greatest common factor of h and 4380?
73
Let r be 9293/6 + 2569/2202. What is the highest common factor of r and 200?
50
Let v = -9595 - -9868. Calculate the greatest common divisor of v and 364.
91
Suppose 0*x = 2*x - 30. Let r be 8/((-96)/x)*-252. Calculate the greatest common factor of 45 and r.
45
Let v = -1 + -50. Let u = -33 - v. Let d be 5/20 - (-23)/4. Calculate the highest common factor of u and d.
6
Suppose 0 = -29*r - 46455 + 200619. Calculate the highest common factor of 72 and r.
12
Suppose 5*n = -3*a + 12658, 4*n = 2*a - 7009 - 1415. Calculate the highest common factor of a and 408.
136
Suppose 0 = -5*k - 25*k + 600. What is the greatest common divisor of k and 2708?
4
Suppose 227*a - 2641286 = -2*a. Calculate the greatest common divisor of 292 and a.
146
Suppose 16*w = 2*d + 15*w - 75, -d + 45 = 2*w. What is the highest common factor of d and 5889?
39
Let x(b) = 21*b + 1219. Let a be x(-46). Calculate the highest common factor of a and 621.
23
Suppose -5*m = -v - 93, 5*v = 3*v - 6. Let b(j) = j**2 - 2. Let n be b(1). Let h = n - -7. What is the greatest common factor of m and h?
6
Let h(b) = 3*b**3 + 10*b**2 - 8*b - 1. Let o be h(-4). Let q(x) = -13*x**3 + x**2 + 2*x. Let k be q(o). Calculate the greatest common divisor of k and 15.
3
Let k be ((-11 - -6) + 7)*(-55)/(-10)*3. Calculate the highest common factor of k and 341.
11
Suppose -30095 = -273*u + 738673. What is the highest common factor of 480 and u?
32
Let p be (-3)/(3*22/(-616968)). Calculate the greatest common factor of p and 57.
57
Suppose -g - 2*q = g - 12, -3*q = -4*g + 10. Let t(b) = -b**2 + 11*b - 1. Let n be t(g). Calculate the greatest common factor of n and 513.
27
Suppose -u = 4*c + 4, 0 = -u - 4*u + 2*c + 2. Let h(p) = -12*p + u - 8 - 7. Let s be h(-5). Calculate the greatest common factor of 5 and s.
5
Let s(r) = r**3 - 43*r**2 - r + 43. Let u be s(43). Suppose -40*j + 582 + 418 = u. Calculate the highest common divisor of j and 125.
25
Let g = 87 + 20. Suppose g = -6*i + 485. What is the highest common divisor of 147 and i?
21
Let g = 71 - 47. Let n(y) = -3*y**3 + 28*y**2 + 85*y + 46. Let v be n(-2). Calculate the greatest common divisor of g and v.
12
Let z(k) = k**3 + 85*k**2 + 349*k + 15257. Let v be z(-83). Let a be 1*69 + 4/(-4). Calculate the greatest common divisor of v and a.
68
Let s(o) = -o**3 + 6*o**2 + 3*o - 4. Let m be s(6). Let x be (-38*(60/32 - 2))/(608/17024). Calculate the highest common factor of x and m.
7
Let o(d) = -3*d**3 - 2*d**2 - 3*d - 7. Let k be o(-2). Suppose 11*y = 190 - 135. Calculate the highest common factor of k and y.
5
Let u = 118 + -72. Suppose -25 = 5*q, 4*o - 2*q = -0*q - 70. Let g = u + o. What is the greatest common divisor of g and 26?
26
Let m be (5 - (-14)/(-3))*57. Suppose -b + 3 = m. Let r be (-2)/(-16) - 94/b. What is the highest common factor of r and 18?
6
Let t = 48 - -4. Suppose 0 = -5*c + 5*y + 4165, 4*c = -562*y + 564*y + 3330. What is the greatest common divisor of c and t?
52
Let g = -5754 + 7264. What is the highest common divisor of g and 5134?
302
Let p(o) be the first derivative of 2*o**3/3 + 2*o**2 + 6*o - 9. Let u be p(0). Calculate the highest common factor of u and 30.
6
Suppose -k + 7*k = 1662. Let d = k - 190. Calculate the greatest common divisor of d and 145.
29
Let m be (2/16)/((-251)/(-118472)). Calculate the highest common divisor of m and 1829.
59
Suppose -5*p - 143 + 747 = -4*w, 0 = -3*p + 4*w + 364. Calculate the highest common factor of 35160 and p.
120
Suppose 2*g = -4*s - 552, -30*g = -2*s - 35*g - 260. Let h = s + 175. What is the highest common divisor of h and 5?
5
Let f be (-193512)/(-84) - (-7 + 94/14). Calculate the highest common factor of 3744 and f.
288
Let l(j) = -29*j + 431. Let x be l(14). Calculate the greatest common divisor of 50 and x.
25
Suppose -6*u = -u - u. Let f(v) = -v**2 - 2*v + 2. Let b be f(u). What is the highest common divisor of b and 32?
2
Let d be 3 + 1852 - ((-2)/8)/(2/(-56)). Calculate the greatest common factor of 360 and d.
24
Let a be (-12)/(-3 + 5) + (-12)/((-180)/27975). Calculate the greatest common factor of 2704 and a.
169
Suppose 260 - 914 = -25*n + 3546. What is the highest common divisor of n and 1104?
24
Let z be (-1)/(-4)*(1 + 3 - 4). Suppose z = 46*y - 48*y + 798. What is the greatest common factor of y and 3?
3
Suppose -38*n + 16139 + 8662 = 2913. What is the greatest common divisor of n and 256?
64
Let m(p) = -p + 8. Let w be m(-4). Let d(t) = 3*t**2 + t - 9. Let j be d(7). Let r = 217 - j. Calculate the highest common divisor of r and w.
12
Let y(d) = -568*d + d**2 + 281*d - 12 + 287*d. Let f be y(6). What is the highest common factor of 504 and f?
24
Suppose 3*c = 30*c - 162. Let v be c/39 + (-3839)/(-143). Calculate the greatest common factor of v and 288.
9
Suppose -4*h = -2*h + 3*o - 75, 0 = 3*h - 5*o - 141. Let w(v) = -177*v + 32405. Let r be w(183). Calculate the greatest common factor of r and h.
14
Let p = -3 - -21. Let r(x) = x**3 - 19*x**2 + 51*x - 21. Let i = 202 - 186. Let u be r(i). What is the greatest common factor of p and u?
9
Suppose -19200 = t - 13*t - 18*t. Let a be -6 - 4800/(-104) - 2/13. What is the highest common factor of t and a?
40
Let u be ((48 - 34)*-1)/(1/(-13)). Calculate the greatest common factor of 112 and u.
14
Let s(u) = 5*u. Let h be s(2). Suppose -3*t = x + 14, 6*x - 3*x - h = 4*t. Let p be (-1)/(t*(-4)/20)*-12. What is the highest common factor of 30 and p?
15
Let y = 239 - 171. Suppose 4*l - 4*q = 316, 29*l + 2*q + 413 = 34*l. What is the highest common factor of y and l?
17
Suppose -4 = g, 2*w - 4*g + 3*g - 98 = 0. Let a = -1100 - -1147. Calculate the greatest common factor of w and a.
47
Suppose 4*m - 2373 = -33*t + 34*t, -3*m + 1779 = -t. Calculate the highest common divisor of 54 and m.
54
Suppose 71*b - 66 = 68*b. Suppose -1951 = -4*k - 3*v, k + 3*v = -0*v + 499. What is the highest common factor of b and k?
22
Suppose 216 = 66*v - 48. Suppose 0 = -f - v + 1, -63 = -3*g - 5*f. Let u be ((-13)/(-3) + 0)*3. What is the greatest common factor of g and u?
13
Suppose -48 = -2*p - 3*c + 5, 0 = -5*c - 15. Let g(t) = -t**3 + 30*t**2 + 36*t - 95. Let l be g(p). Calculate the highest common factor of 220 and l.
20
Suppose -98 = 2*q - 3*w, -w - 4*w = 0. Let d = q + 67. Let l be (36/1)/(d/12). What is the highest common factor of 216 and l?
24
Suppose -90*w = -5316 - 294 - 150. What is the greatest common factor of w and 162?
2
Let d = 29943 + -3091. What is the highest common factor of 14 and d?
14
Let u(z) = z**3 + 16*z**2 + 25*z - 38. Let p be (-204)/16 - (-5)/(-20). Let k be u(p). Calculate the greatest common divisor of 192 and k.
48
Let j be -21 - 3850/(-182) - (-26999)/13. What is the highest common divisor of 31 and j?
31
Suppose w = -4*q - 94 + 107, 13 = -7*q - 5*w. Let t = 67 - 45. What is the highest common factor of q and t?
2
Let q(h) = -h**3 - 48*h**2 + 60*h + 272. Let d be q(-50). Calculate the highest common divisor of d and 426.
142
Let k = 116 + -23. Let r be 558/78*(73 + 174). What is the highest common factor of k and r?
93
Suppose -3*b - 85 = -8*b. Let j(s) = -10*s - 1. Let q be j(2). Let m be (476/q)/(6/(-45)). Calculate the greatest common factor of m and b.
17
Let l(f) = -35*f + 1287. Let i be l(21). What is the greatest common factor of 256 and i?
8
Suppose -x + 402 = d, -1614 = -4*d + 12*x - 10*x. What is the greates